culate the highest common factor of j and 12.
12
Let f(o) = -o + 12. Let w be f(6). Let i be (-4)/(-2) + w*3/18. Suppose -4*c + 5 + 7 = 0, 2*p = i*c + 37. Calculate the highest common factor of p and 207.
23
Let k(n) = 38*n**2 + 340*n - 12. Let r be k(-9). Let c be (-1)/((-82)/(-84) - 1). What is the greatest common factor of r and c?
6
Let y = 86510 - 86507. Let c be 1 - (-45 + -1 - 1). What is the highest common factor of y and c?
3
Suppose -11 - 25 = -4*q. Let f = -192 + 201. What is the greatest common divisor of q and f?
9
Let j(v) = v**3 + 12*v**2 - 129*v - 1321. Let u be j(-10). What is the greatest common factor of 364 and u?
13
Let m = -73 - -63. Let r be (65/m)/((-3)/30). Let g = r - 57. What is the greatest common divisor of g and 1?
1
Let s be 14/9*(-288)/(-64). Suppose 0*u = -3*i + 2*u + 28, 3*u = 4*i - 36. Let f = i + s. Calculate the greatest common divisor of 57 and f.
19
Let x be (-15 - 78/54)/(1/(-9)). Calculate the highest common divisor of x and 236.
4
Suppose 4*w = -3*o - 1645, 6*o = -5*w + 7*o - 2061. Let z = w - -486. Calculate the highest common divisor of z and 74.
74
Suppose 42*r - 46*r + 489 = -3*w, 0 = r - 3*w - 129. Calculate the highest common factor of 1325 and r.
5
Suppose -3*x - 2*o = -3662, 4*x + 4*o - 6821 = -1945. Suppose 448 = 8*i - x. What is the greatest common divisor of i and 22?
11
Let a = 7370 + 1846. What is the greatest common factor of a and 252?
36
Let b(m) = 8*m + 259. Let t be b(-32). Suppose -2*r - 17*k = -13*k - 88, t*r + 5*k - 133 = 0. What is the greatest common divisor of r and 1242?
46
Let p be 3*64/6 + 3. Suppose -4407 = -p*v - 487. Calculate the highest common divisor of 70 and v.
14
Suppose -105*q + 122150 + 2170 = 0. What is the greatest common factor of q and 10?
2
Let a(p) = -3*p**3 - p**2 + 33*p + 76. Let r be a(-2). Suppose -4*f = -8*f + 72. Calculate the highest common factor of r and f.
6
Let p be (5/(-14)*-133)/(6/12). What is the greatest common divisor of p and 2869?
19
Let k(r) = r**3 + 28*r**2 - 101*r + 927. Let j be k(-32). Suppose 5*z + 0*z - 70 = 0. What is the highest common divisor of z and j?
7
Let i(b) = -b**2 + 7*b - 4. Let n be i(6). Let q = 26 - n. Let g be (-45)/(-36) + 3335/20. What is the highest common divisor of g and q?
24
Let d(l) = -l**3 - 62*l**2 + 196*l + 155. Let c be d(-65). Let a(o) = -o**3 + 10*o**2 + 12*o - 1. Let m be a(11). What is the highest common divisor of m and c?
10
Let k(p) = -p**3 - 19*p**2 - 53*p - 12. Let j be k(-16). What is the highest common factor of j and 2176?
68
Suppose -9*u + 4778 - 18176 = -23*u. Calculate the highest common divisor of u and 275.
11
Suppose 0*i - 3*a - 1 = -5*i, -4*a - 8 = 0. Let o be (-6)/4*(i + (-6)/18). Suppose 0 = -o*y + 10*y - 56. What is the greatest common factor of 21 and y?
7
Let y(r) = 9 + r + 21*r - r**2 + 2*r**2. Let q be y(-22). Suppose 16*g - 84 = q*g. What is the greatest common divisor of g and 24?
12
Suppose -5*w + 846 = r, 1155*w + 3*r = 1151*w + 690. What is the highest common factor of w and 1890?
42
Let n(s) = -2116*s**3 + 2*s**2 - 2*s - 27. Let a be n(-2). What is the greatest common divisor of a and 39?
13
Let v(d) = 311*d + 38. Let y be v(0). What is the greatest common factor of y and 399?
19
Let s be (-27)/6*(-22352)/66. What is the greatest common divisor of s and 36?
12
Let y be (8/10)/((-18)/5 + 4). Let d be 2 - (-1)/((-27)/(-12) - y). What is the highest common divisor of d and 42?
6
Suppose -8*r + 6 + 159 = -67. Calculate the greatest common factor of 2 and r.
1
Let p be -3*((-48)/9 - -6). Let o be 426/6 - (p + 5). What is the highest common factor of 51 and o?
17
Let z(p) be the first derivative of -14*p - 1/2*p**2 + 11. Let m be z(-15). Calculate the highest common factor of m and 3.
1
Let b = 81 - 75. Calculate the highest common divisor of b and 444.
6
Let n be (-8)/(-3)*3315/68. Let t = -83 + 161. What is the greatest common factor of t and n?
26
Let t = -21 + 26. Let z(b) = b**3 - 3*b**2 - 2*b - 1. Let d be z(t). What is the highest common factor of d and 91?
13
Let l be (2/(-10) - (-108)/(-60)) + -45. Suppose 148 = 3*p - 44. Let s = p + l. Calculate the highest common divisor of s and 187.
17
Let r be (-221)/(-2) - (-2 + 30/20). Suppose 6144 = -103*x + r*x. What is the greatest common divisor of 12 and x?
12
Let f be (-896)/42*171/(-4). Calculate the greatest common factor of 128 and f.
16
Let b(g) = -4*g**3 + 35*g**2 - 31*g - 178. Let l be b(6). Suppose 0 = 2*m - 2*k - 584, 0*m = -2*m - 2*k + 568. What is the highest common factor of m and l?
32
Suppose 31*u + 85 = 36*u. Let v be -289*(0 - (-12)/(-12)). What is the greatest common divisor of v and u?
17
Let b = 567 + -615. Suppose 3*n = -5*v - 170, -114 = -0*n + 2*n + 4*v. Let f = b - n. What is the highest common divisor of f and 7?
7
Suppose -64*d + 11*y - 143 = -66*d, 2*d - 4*y = 188. Calculate the highest common divisor of 512 and d.
8
Let l be (-48)/(-5)*(334/20 - 12/(-15)). Calculate the greatest common factor of l and 78.
6
Let b = -8498 - -9534. Calculate the highest common divisor of 2220 and b.
148
Suppose -48*i + 11*i + 710353 = 72*i. Calculate the greatest common factor of 133 and i.
133
Let h(g) = g + 34. Let z be (2 + 0)/(2/(-2*8)). Let d be h(z). Let f be 4/(24/d) - (0 + -10). What is the highest common divisor of f and 338?
13
Let g = -15685 - -15699. What is the greatest common divisor of g and 1323?
7
Suppose -211*h + 17*h + 11670 - 1194 = 0. What is the highest common factor of 84 and h?
6
Let n = -4203689 + 4203699. Let k be 1*((0 - -1) + -1). Let w be -1*2*(k - 20). Calculate the highest common factor of n and w.
10
Let j = 258 - 237. Let h(x) = 4*x**2 + 5*x + 5. Let s be h(12). Suppose 0 = -5*q + s + 514. Calculate the greatest common factor of j and q.
21
Let j(g) = 2*g**2 + 354*g - 1060. Let n be j(3). Calculate the highest common factor of n and 148.
4
Suppose -6*o + 48 = -0*o. Suppose 0 = p - 3*m - 2, -p + m - 20 = -34. What is the greatest common factor of p and o?
4
Suppose 0 = 56*a - 116487 + 25095. Calculate the highest common factor of 16 and a.
16
Suppose 3*t + t = 60. Let o = 27 + t. Suppose r + 2*d = 122, -3*r + 288 = 5*d - 80. Calculate the highest common divisor of r and o.
42
Suppose 0 = -19*q + 39*q - 260. Suppose 0 = -3*h + 2*a + 70, 100 = 6*h - 2*h - a. What is the greatest common divisor of q and h?
13
Suppose 0 = -28*w - 40579 + 123683. What is the highest common divisor of 14 and w?
14
Let b be 4*(-6)/(-4)*13/(-39)*-166. Calculate the highest common factor of 68 and b.
4
Suppose -74 = -w + 3*l + 120, 2*l = 5*w - 1035. Let v be (-14)/(-1)*176/224. Calculate the greatest common divisor of v and w.
11
Suppose -122 + 1802 = 6*t. Let v = t - 93. What is the highest common factor of 33 and v?
11
Let h(y) = y - 4. Let b be h(5). Let q be (2 - (31 - 21)) + 10. Calculate the highest common divisor of b and q.
1
Let a be (-4 + (2 - (-9 - -8)))/((-1)/1782). Calculate the highest common divisor of 44 and a.
22
Let m be 1 - -8*2*9. Let l = 31 + m. Let k = -110 + l. What is the highest common factor of k and 44?
22
Let l(m) be the second derivative of -m**4/12 - 29*m**3/6 + 8*m**2 - 10*m - 4. Let h be l(-27). Calculate the highest common divisor of h and 28.
14
Let r(h) = -2*h**3 + 85*h**2 - 39*h - 125. Let k be r(42). What is the highest common factor of k and 29?
1
Let m(q) = -4*q + 40. Let g be m(-8). Let a be (-4)/(-2) - (-16 + (-2 - -4)). Calculate the highest common factor of a and g.
8
Suppose 3*n - 253 = -241. Suppose -2*d + 2*c + 112 = 0, -n*c - 66 = -d - c. Calculate the highest common factor of d and 187.
17
Let z be 2/(-4) - (-33)/(-66). Let b be 6/(-30)*-5 + (z - -1). What is the greatest common factor of 25 and b?
1
Let b(f) = 19*f + 41. Let h(m) = -83*m - 163. Let w(k) = -9*b(k) - 2*h(k). Let z be w(-9). What is the highest common factor of z and 2?
2
Suppose -i - 53 = -d, 2*d + 4*i - 114 = 16. Let m = d - 49. Calculate the highest common divisor of m and 56.
8
Let c(z) = -z**3 - 21*z**2 - 40*z + 12. Let p = -53 - -34. Let y be c(p). Calculate the greatest common divisor of y and 375.
25
Let v = 37 - 33. Let s be (-3)/12 + 49/v. Let b(p) = 6*p - 12. Let z be b(s). What is the highest common factor of z and 5?
5
Let b = 3906 - 3568. What is the highest common factor of b and 2